e factors of 51*(3 + -1) - (x - 2)?
103
Let w(j) = 39*j**3 + 4*j**2 + 3*j - 16. List the prime factors of w(2).
2, 3, 53
Suppose -5*s + 3 + 17 = 0. Suppose -s*n + 6 = 10. List the prime factors of 42*(-4 + 4 - n).
2, 3, 7
Suppose 4*l = -4*c + 22288, 5*l - 20*c = -23*c + 27850. List the prime factors of l.
19, 293
Let w be (-402)/((-70)/273 - (-1)/3). List the prime factors of 4/7 - (w/42 - -5).
2, 3, 5
Suppose 15*o - 14*o = 0. Suppose o = 4*p - 142 - 54. What are the prime factors of p?
7
List the prime factors of (-7585)/(-15) + ((-4)/12)/(-1).
2, 11, 23
What are the prime factors of 1/8 - 87261/(-472)?
5, 37
Let u = 700 - -278. What are the prime factors of u?
2, 3, 163
Suppose -264 - 240 = -9*g. Suppose 3*w - 151 = -4*l - 0*l, 4*l - 156 = -4*w. Let d = g - l. List the prime factors of d.
2, 11
Suppose -u - 5*c = 11, 5*u + 2 = 5*c - 23. Let y(w) = 0 - 4 + 9*w + 14*w**2 - w - 12*w**2. What are the prime factors of y(u)?
2, 5
Let t(s) = -s**3 + 6*s**2 - 6*s + 4. Let f be t(4). Let d = f - 8. Let r = 10 - d. What are the prime factors of r?
2, 3
Let o be 6 + (-7)/(35/20). Let c be -1 + 2 - o - -114. Let q = c - 68. List the prime factors of q.
3, 5
Let c(l) = -l**3 + 13*l**2 + 12*l - 11. Let y be c(13). Suppose -135 = -5*a + 3*q, -3*q = 2*q. Suppose -a - y = -4*g. What are the prime factors of g?
43
Let m be ((-9)/(-6))/((-3)/4). What are the prime factors of (m/10*9)/((-10)/150)?
3
Suppose 0*r - 11720 = -5*b - 4*r, 4688 = 2*b + r. What are the prime factors of b?
2, 293
Suppose -21 + 111 = -2*n. Let x = 29 - 57. Let v = x - n. List the prime factors of v.
17
Let z = 26 - 29. What are the prime factors of (-8 - -19) + 21/3 + z?
3, 5
Let v = 51 - 51. Suppose -7*m + 3*m + 672 = v. What are the prime factors of m?
2, 3, 7
Let a(w) = -32*w + 3. Let r = 36 - 37. List the prime factors of a(r).
5, 7
Suppose -12*r + 19 = 7. List the prime factors of 4 - r - (-2233)/29.
2, 5
Let l(d) = 7*d**2 - d - 2. Let q = 20 - 22. Let f be l(q). Let j = f - 11. List the prime factors of j.
17
Suppose -14*q - 8 = -18*q. Suppose 4*r + 53 = 4*o + o, q*r - 5*o = -29. Let t = 25 - r. What are the prime factors of t?
37
Let t(d) = 2*d**2 - 17*d + 34. Let w(b) = b**2 + 22*b + 10. Let h be w(-22). List the prime factors of t(h).
2
Let j(z) be the first derivative of -z**3/3 + 23*z**2/2 + 43*z - 34. What are the prime factors of j(20)?
103
Let a be 62*(-5)/((-20)/44). Suppose -5*i = 4*d + a, -i + 0*i + 2*d = 128. Let v = i - -209. What are the prime factors of v?
3, 5
Suppose 16 = -3*p + 11*p. Suppose -215 = -3*m + p*o, -m + 4*o = 5*o - 70. List the prime factors of m.
71
Let h be (-2)/5 - 1959/15. Let l = -80 - h. List the prime factors of (-2 - 1)/((-3)/l).
3, 17
Let v = -133 + 309. Suppose v - 50 = a. List the prime factors of a.
2, 3, 7
Let f(a) = -a**2 - 3 + a**2 - a**2. Let k be f(6). Let q = -28 - k. What are the prime factors of q?
11
Let x be (90/(-36))/(1/60). Let j = 245 + x. List the prime factors of j.
5, 19
Let c be (2 + 3)*(0 + 1). Suppose -26 = -7*s + c*s. Let v = 33 - s. What are the prime factors of v?
2, 5
Let d(h) = 1040*h - 426. What are the prime factors of d(4)?
2, 1867
Let w = 12 + 34. Let x = w - 14. Suppose -4*j - 4*i + 9 = -23, 2*i + x = 4*j. What are the prime factors of j?
2
Let b(d) = -5*d - 14. Let m be b(-4). Let c(k) = k**2 - 3*k. What are the prime factors of c(m)?
2, 3
Let n(w) = 36*w - 30. List the prime factors of n(17).
2, 3, 97
Let y(v) = v**2 - 14*v + 41. Let z = -60 + 77. What are the prime factors of y(z)?
2, 23
Suppose 37 = -14*a + 4461. What are the prime factors of a?
2, 79
Let k(q) = -2*q**2 + 8*q + 2. Let x(m) = 2*m**2 - 8*m - 3. Let g(u) = -5*k(u) - 4*x(u). What are the prime factors of g(7)?
2, 11
Let f = -800 - -1211. List the prime factors of f.
3, 137
Let v = -1389 - -1393. Suppose 0*l + 192 = l. Suppose 0 = 4*s - 4*z - l, -s + 0 = -v*z - 57. List the prime factors of s.
3, 5
Suppose 23 = 5*k - 6*k. Let i = 34 + k. What are the prime factors of i?
11
Let a = 27 + -9. Let l be (24/14)/(a/63). Suppose 0 = -5*p + l*p - 3. List the prime factors of p.
3
Suppose -6*z = -5*z - 300. Suppose z = 7*r - 2*r. List the prime factors of r.
2, 3, 5
Suppose 0*h - v - 11311 = -5*h, 7*h + 3*v - 15831 = 0. List the prime factors of h.
2, 3, 13, 29
Let d(z) = 4*z - 9. Let j be 2*-2*(-3 + 2). Let r be d(j). Suppose r*o - 22 = 6*o. What are the prime factors of o?
2, 11
Let v = 3214 - -872. What are the prime factors of v?
2, 3, 227
Let n be 1/7 + (-4)/28. Let t be 6/2 - (6 - n). What are the prime factors of 4/(t - 25/(-8))?
2
Suppose -9*d - 15 = -14*d. Let t be -1 + d/((-9)/210). Let j = 103 + t. List the prime factors of j.
2
Let t(o) = -9*o - 7 + 0 + 8. Let i be t(7). Let b = 92 + i. List the prime factors of b.
2, 3, 5
Let a(i) = -i**3 - 6*i**2 + 8*i - 23. Let o be a(-8). Suppose 5*l - 4*p - 331 = -o, -p = -l + 57. What are the prime factors of l?
2, 31
List the prime factors of (-5911)/(-9) + 10/225*5.
3, 73
Let w(q) = q**2 - 2*q + 5. Let d be w(2). What are the prime factors of (-548)/(-10) + (-24)/d + 5?
5, 11
Suppose 5*j = -3*s + 6903, -5*s - 3*j = -8444 - 3045. What are the prime factors of s?
2, 7, 41
Let g(d) be the third derivative of 7*d**5/30 + d**4/6 + d**3/2 + 2*d**2. Suppose -8*l + 3*l - f - 13 = 0, 2 = -4*l + 2*f. List the prime factors of g(l).
3, 17
Suppose 2133 = 40*q - 31*q. What are the prime factors of q?
3, 79
Suppose -4*o + 1017 = 3*k, o - 19*k = -23*k + 251. What are the prime factors of o?
3, 5, 17
Let z(u) = u**2 - 5*u - 7. Let n(r) = -r**2 - 8*r - 13. Let o be n(-7). What are the prime factors of z(o)?
59
Suppose 164 = -4*i + 4*r - 0*r, 4*i + r + 184 = 0. Let g = i - -96. List the prime factors of g.
3, 17
Suppose 3*n - 8 = 19. Suppose q = -4*q - z - 23, q - 2*z + n = 0. Let a = 1 - q. List the prime factors of a.
2, 3
Let k(c) = -7*c + 8*c**2 + 2*c + 7 + c**3 - c - c. What are the prime factors of k(-8)?
3, 7
Let z be (-53)/3 - 2/6. Let i be (-48)/z - 2/(-6). Suppose -39 = -v - 5*k, v = -i*v - 5*k + 81. What are the prime factors of v?
2, 7
Suppose -2419*w + 2416*w + 1770 = 0. What are the prime factors of w?
2, 5, 59
Suppose -32 = 4*c + 2*f, 0 = 5*c - 0*f + 5*f + 45. Let v(q) = q**2 + 6*q + 1. Let y be v(c). Let i = y + 21. List the prime factors of i.
29
Suppose 232*f - 238*f + 25494 = 0. List the prime factors of f.
7, 607
Suppose -8 = -2*q, 2*s = -q + 3 - 107. Let l be 22/3*s/4. What are the prime factors of (3/9)/((-3)/l)?
11
Let x(t) = 4*t + 46. Let b(z) = 4*z + 46. Let j(q) = 5*b(q) - 4*x(q). What are the prime factors of j(0)?
2, 23
Suppose 0 = 6*y - 741 - 2193. What are the prime factors of y?
3, 163
Let v(d) = 41*d**3 - 2*d**2 - 7*d - 4. What are the prime factors of v(3)?
2, 7, 19
Let u be ((-99)/55)/((-3)/10). Let f(p) = p + 2. Let q be f(u). Suppose -l + q = -4. What are the prime factors of l?
2, 3
Let a be (-206)/(-2) - 3/3. Suppose -a = 4*u - 2*u. Let o = u - -92. What are the prime factors of o?
41
Let n(m) = m**3 + 10*m**2 + 13*m. Let r be n(-6). Let z = r + 88. What are the prime factors of z?
2, 7, 11
Suppose i - 2*p = 2 - 7, 5*p - 40 = -3*i. Suppose 0 = i*w - 2*w - 183. What are the prime factors of w?
61
Let m be (-24)/(-5) + 3/15. Let r be 23*(3 - (m + -3)). What are the prime factors of (-3)/(-2)*(r - 5)?
3
Let m = 14 - 11. Let s(o) = -7*o - 14. Let n(x) = -2*x - 5. Let d(v) = m*s(v) - 8*n(v). List the prime factors of d(-7).
3, 11
Let k be -2 + (-13)/((-52)/432). Suppose -d = d - k. List the prime factors of d.
53
Suppose -26*p + 22*p = -1108. List the prime factors of p.
277
Let o(v) = 21*v**2 + 42*v. Let g(y) = y**2 + y. Let r(a) = 210*g(a) - 5*o(a). What are the prime factors of r(-1)?
3, 5, 7
Suppose 0 = 2*t - 3*t + 70. Suppose 0 = -3*s - 3*s - 114. Let o = s + t. What are the prime factors of o?
3, 17
Suppose 2*u = 5*f - 6012, 6*u - 4*u - 3604 = -3*f. What are the prime factors of f?
2, 601
Let n = -45 - -50. List the prime factors of 119 + n + 1/((-2)/4).
2, 61
Let l be 1327*-1 - (-7 + 6). Let v = l - -2514. List the prime factors of (-4)/(-10) - v/(-55).
2, 11
Suppose 3*p = -9*p + 7*p. List the prime factors of (0 - (p - 2)) + 76.
2, 3, 13
Let w = 243 + 66. List the prime factors of w.
3, 103
Let g = 5 - 7. Let n be 1/(g - (-10)/4). Suppose -3*f - 2 + 1 = -4*p, -2*f = -3*p + 